{"id":750,"date":"2019-09-21T08:48:41","date_gmt":"2019-09-21T07:48:41","guid":{"rendered":"\/?post_type=product&#038;p=750"},"modified":"2026-02-26T13:54:44","modified_gmt":"2026-02-26T12:54:44","slug":"backseat-organizer","status":"publish","type":"product","link":"https:\/\/axkid.com\/cz\/product\/backseat-organizer\/","title":{"rendered":"Chr\u00e1ni\u010d sedadla \/ kaps\u00e1\u0159"},"content":{"rendered":"<p>Chr\u00e1ni\u010d sedadla a kaps\u00e1\u0159 s dr\u017e\u00e1kem na tablet a n\u011bkolika \u00falo\u017en\u00fdmi p\u0159ihr\u00e1dkami. Umo\u017e\u0148uje ulo\u017eit a uspo\u0159\u00e1dat nezbytn\u00e9 v\u011bci do auta. Kapsy r\u016fzn\u00fdch velikost\u00ed pojmou velk\u00e9 i mal\u00e9 p\u0159edm\u011bty. P\u0159id\u011bl\u00e1v\u00e1 se na zadn\u00ed stranu p\u0159edn\u00edho sedadla. Hod\u00ed se do v\u0161ech aut, p\u0159id\u011bl\u00e1v\u00e1 se pomoc\u00ed dvou popruh\u016f.<\/p>\n","protected":false},"excerpt":{"rendered":"<p>Organiz\u00e9r na zadn\u00ed sedadlo s dr\u017e\u00e1kem na tablet a n\u011bkolika \u00falo\u017en\u00fdmi p\u0159ihr\u00e1dkami. Umo\u017e\u0148uje ulo\u017eit a uspo\u0159\u00e1dat nezbytn\u00e9 v\u011bci do auta. Kapsy r\u016fzn\u00fdch velikost\u00ed pojmou velk\u00e9 i mal\u00e9 p\u0159edm\u011bty. P\u0159id\u011bl\u00e1v\u00e1 se na zadn\u00ed stranu p\u0159edn\u00edho sedadla. Hod\u00ed se do v\u0161ech aut, p\u0159id\u011bl\u00e1v\u00e1 se pomoc\u00ed dvou popruh\u016f.<\/p>\n","protected":false},"featured_media":832,"comment_status":"open","ping_status":"closed","template":"","meta":{"_acf_changed":false,"_seopress_robots_primary_cat":"436","_seopress_titles_title":"Organiz\u00e9r na zadn\u00ed sedadlo Axkid | P\u0159\u00edslu\u0161enstv\u00ed k autoseda\u010dk\u00e1m | Axkid","_seopress_titles_desc":"Chr\u00e1ni\u010d sedadla \/ kaps\u00e1\u0159 s dr\u017e\u00e1kem na tablet a n\u011bkolika kapsami r\u016fzn\u00fdch velikost\u00ed na velk\u00e9 i mal\u00e9 p\u0159edm\u011bty. Mont\u00e1\u017e na zadn\u00ed stranu p\u0159edn\u00edho sedadla. Pasuje do v\u0161ech voz\u016f, upev\u0148uje se dv\u011bma popruhy.","_seopress_robots_index":"","content-type":"","_relevanssi_hide_post":"","_relevanssi_hide_content":"","_relevanssi_pin_for_all":"","_relevanssi_pin_keywords":"","_relevanssi_unpin_keywords":"","_relevanssi_related_keywords":"","_relevanssi_related_include_ids":"","_relevanssi_related_exclude_ids":"","_relevanssi_related_no_append":"","_relevanssi_related_not_related":"","_relevanssi_related_posts":"","_relevanssi_noindex_reason":"","editor_notices":[]},"product_brand":[],"product_cat":[436,17],"product_tag":[94],"class_list":{"0":"post-750","1":"product","2":"type-product","3":"status-publish","4":"has-post-thumbnail","6":"product_cat-chranice-sedadel-a-organizery","7":"product_cat-prislusenstvi","8":"product_tag-accessories-comfort-and-protection","10":"first","11":"instock","12":"taxable","13":"shipping-taxable","14":"purchasable","15":"product-type-simple"},"bundled_by":[],"bundle_stock_status":"instock","bundle_stock_quantity":5,"bundle_virtual":false,"bundle_layout":"","bundle_add_to_cart_form_location":"","bundle_editable_in_cart":false,"bundle_sold_individually_context":"","bundle_item_grouping":"","bundle_min_size":"","bundle_max_size":"","bundle_price":[],"bundled_items":[],"bundle_sell_ids":[],"acf":[],"jetpack_sharing_enabled":true,"_links":{"self":[{"href":"https:\/\/axkid.com\/cz\/wp-json\/wp\/v2\/product\/750","targetHints":{"allow":["GET"]}}],"collection":[{"href":"https:\/\/axkid.com\/cz\/wp-json\/wp\/v2\/product"}],"about":[{"href":"https:\/\/axkid.com\/cz\/wp-json\/wp\/v2\/types\/product"}],"replies":[{"embeddable":true,"href":"https:\/\/axkid.com\/cz\/wp-json\/wp\/v2\/comments?post=750"}],"wp:featuredmedia":[{"embeddable":true,"href":"https:\/\/axkid.com\/cz\/wp-json\/wp\/v2\/media\/832"}],"wp:attachment":[{"href":"https:\/\/axkid.com\/cz\/wp-json\/wp\/v2\/media?parent=750"}],"wp:term":[{"taxonomy":"product_brand","embeddable":true,"href":"https:\/\/axkid.com\/cz\/wp-json\/wp\/v2\/product_brand?post=750"},{"taxonomy":"product_cat","embeddable":true,"href":"https:\/\/axkid.com\/cz\/wp-json\/wp\/v2\/product_cat?post=750"},{"taxonomy":"product_tag","embeddable":true,"href":"https:\/\/axkid.com\/cz\/wp-json\/wp\/v2\/product_tag?post=750"}],"curies":[{"name":"wp","href":"https:\/\/api.w.org\/{rel}","templated":true}]}}

Chránič sedadla / kapsář

<p>Chránič sedadla a kapsář s držákem na tablet a několika úložnými přihrádkami. Umožňuje uložit a uspořádat nezbytné věci do auta. Kapsy různých velikostí pojmou velké i malé předměty. Přidělává se na zadní stranu předního sedadla. Hodí se do všech aut, přidělává se pomocí dvou popruhů.</p>

<p>Organizér na zadní sedadlo s držákem na tablet a několika úložnými přihrádkami. Umožňuje uložit a uspořádat nezbytné věci do auta. Kapsy různých velikostí pojmou velké i malé předměty. Přidělává se na zadní stranu předního sedadla. Hodí se do všech aut, přidělává se pomocí dvou popruhů.</p>

Organizér na zadní sedadlo Axkid | Příslušenství k autosedačkám | Axkid

Chránič sedadla / kapsář s držákem na tablet a několika kapsami různých velikostí na velké i malé předměty. Montáž na zadní stranu předního sedadla. Pasuje do všech vozů, upevňuje se dvěma popruhy.
