{"id":174533,"date":"2026-03-17T09:10:10","date_gmt":"2026-03-17T08:10:10","guid":{"rendered":"https:\/\/axkid.com\/es\/?post_type=product&#038;p=174533"},"modified":"2026-05-01T08:59:53","modified_gmt":"2026-05-01T07:59:53","slug":"minikid-core","status":"publish","type":"product","link":"https:\/\/axkid.com\/es\/product\/minikid-core\/","title":{"rendered":"Minikid Core"},"content":{"rendered":"","protected":false},"excerpt":{"rendered":"<p>Minikid Core es una silla de coche a contramarcha prolongada (ERF), de instalaci\u00f3n con cintur\u00f3n, dise\u00f1ada para ni\u00f1os desde reci\u00e9n nacidos hasta aproximadamente los 7 a\u00f1os de edad (40\u2013125 cm y hasta 28 kg).<\/p>\n<p>Ofrece seguridad a contramarcha desde el primer d\u00eda, que se instala de manera simple con cintur\u00f3n de seguridad y sin correas lower tether. Adem\u00e1s el dise\u00f1o Compact Fit maximiza la adaptaci\u00f3n a todo tipo de veh\u00edculos.<\/p>\n<p>Con sello Plus Test y certificada seg\u00fan la normativa UN R129, esta silla proporciona a las familias un comienzo seguro y sencillo, desde el primer d\u00eda y en cada viaje.<\/p>\n","protected":false},"featured_media":174507,"comment_status":"open","ping_status":"closed","template":"","meta":{"_acf_changed":false,"_seopress_robots_primary_cat":"18","_seopress_titles_title":"","_seopress_titles_desc":"","_seopress_robots_index":"","content-type":"","_relevanssi_hide_post":"","_relevanssi_hide_content":"","_relevanssi_pin_for_all":"","_relevanssi_pin_keywords":"","_relevanssi_unpin_keywords":"","_relevanssi_related_keywords":"","_relevanssi_related_include_ids":"","_relevanssi_related_exclude_ids":"","_relevanssi_related_no_append":"","_relevanssi_related_not_related":"","_relevanssi_related_posts":"","_relevanssi_noindex_reason":"","editor_notices":[]},"product_brand":[],"product_cat":[431,79,80,18],"product_tag":[],"class_list":{"0":"post-174533","1":"product","2":"type-product","3":"status-publish","4":"has-post-thumbnail","6":"product_cat-nino-pequeno-toddler","7":"product_cat-asientos-de-coche-para-recien-nacidos-y-bebes","8":"product_cat-asientos-a-contramarcha","9":"product_cat-todas-las-sillas-de-coche","11":"first","12":"instock","13":"taxable","14":"shipping-taxable","15":"purchasable","16":"product-type-variable","17":"has-default-attributes"},"bundled_by":[],"bundle_stock_status":"instock","bundle_stock_quantity":null,"bundle_virtual":false,"bundle_layout":"","bundle_add_to_cart_form_location":"","bundle_editable_in_cart":false,"bundle_sold_individually_context":"","bundle_item_grouping":"","bundle_min_size":"","bundle_max_size":"","bundle_price":[],"bundled_items":[],"bundle_sell_ids":[],"acf":[],"_links":{"self":[{"href":"https:\/\/axkid.com\/es\/wp-json\/wp\/v2\/product\/174533","targetHints":{"allow":["GET"]}}],"collection":[{"href":"https:\/\/axkid.com\/es\/wp-json\/wp\/v2\/product"}],"about":[{"href":"https:\/\/axkid.com\/es\/wp-json\/wp\/v2\/types\/product"}],"replies":[{"embeddable":true,"href":"https:\/\/axkid.com\/es\/wp-json\/wp\/v2\/comments?post=174533"}],"wp:featuredmedia":[{"embeddable":true,"href":"https:\/\/axkid.com\/es\/wp-json\/wp\/v2\/media\/174507"}],"wp:attachment":[{"href":"https:\/\/axkid.com\/es\/wp-json\/wp\/v2\/media?parent=174533"}],"wp:term":[{"taxonomy":"product_brand","embeddable":true,"href":"https:\/\/axkid.com\/es\/wp-json\/wp\/v2\/product_brand?post=174533"},{"taxonomy":"product_cat","embeddable":true,"href":"https:\/\/axkid.com\/es\/wp-json\/wp\/v2\/product_cat?post=174533"},{"taxonomy":"product_tag","embeddable":true,"href":"https:\/\/axkid.com\/es\/wp-json\/wp\/v2\/product_tag?post=174533"}],"curies":[{"name":"wp","href":"https:\/\/api.w.org\/{rel}","templated":true}]}}

<p>Minikid Core es una silla de coche a contramarcha prolongada (ERF), de instalación con cinturón, diseñada para niños desde recién nacidos hasta aproximadamente los 7 años de edad (40–125 cm y hasta 28 kg).</p>
<p>Ofrece seguridad a contramarcha desde el primer día, que se instala de manera simple con cinturón de seguridad y sin correas lower tether. Además el diseño Compact Fit maximiza la adaptación a todo tipo de vehículos.</p>
<p>Con sello Plus Test y certificada según la normativa UN R129, esta silla proporciona a las familias un comienzo seguro y sencillo, desde el primer día y en cada viaje.</p>
