{"id":172581,"date":"2025-01-21T09:21:09","date_gmt":"2025-01-21T08:21:09","guid":{"rendered":"https:\/\/axkid.com\/pl-2-0\/faq\/ile-lat-ma-moj-fotelik-samochodowy\/"},"modified":"2025-01-21T09:21:09","modified_gmt":"2025-01-21T08:21:09","slug":"ile-lat-ma-moj-fotelik-samochodowy","status":"publish","type":"faq","link":"https:\/\/axkid.com\/pl\/czesto-zadawane-pytania\/ile-lat-ma-moj-fotelik-samochodowy\/","title":{"rendered":"Ile lat ma m\u00f3j fotelik samochodowy?"},"content":{"rendered":"\n<p>Przeczytaj nasz artyku\u0142 o tym, jak sprawdzi\u0107, ile lat ma Tw\u00f3j fotelik samochodowy tutaj: <a href=\"https:\/\/axkid.com\/pl\/safety\/how-old-is-a-car-seat\/\">https:\/\/axkid.com\/pl\/safety\/how-old-is-a-car-seat\/<\/a><\/p>\n\n\n\n\n","protected":false},"template":"","meta":{"_acf_changed":false,"_seopress_robots_primary_cat":"","_seopress_titles_title":"","_seopress_titles_desc":"","_seopress_robots_index":"","_seopress_analysis_target_kw":"","content-type":"","_relevanssi_hide_post":"","_relevanssi_hide_content":"","_relevanssi_pin_for_all":"","_relevanssi_pin_keywords":"","_relevanssi_unpin_keywords":"","_relevanssi_related_keywords":"","_relevanssi_related_include_ids":"","_relevanssi_related_exclude_ids":"","_relevanssi_related_no_append":"","_relevanssi_related_not_related":"","_relevanssi_related_posts":"21688","_relevanssi_noindex_reason":"","editor_notices":[]},"class_list":["post-172581","faq","type-faq","status-publish","hentry","faq_category-regulacje-i-przepisy"],"acf":[],"jetpack_sharing_enabled":true,"_links":{"self":[{"href":"https:\/\/axkid.com\/pl\/wp-json\/wp\/v2\/faq\/172581","targetHints":{"allow":["GET"]}}],"collection":[{"href":"https:\/\/axkid.com\/pl\/wp-json\/wp\/v2\/faq"}],"about":[{"href":"https:\/\/axkid.com\/pl\/wp-json\/wp\/v2\/types\/faq"}],"wp:attachment":[{"href":"https:\/\/axkid.com\/pl\/wp-json\/wp\/v2\/media?parent=172581"}],"curies":[{"name":"wp","href":"https:\/\/api.w.org\/{rel}","templated":true}]}}

Ile lat ma mój fotelik samochodowy?

<p>Przeczytaj nasz artykuł o tym, jak sprawdzić, ile lat ma Twój fotelik samochodowy tutaj: <a href="https://axkid.com/pl/safety/how-old-is-a-car-seat/">https://axkid.com/pl/safety/how-old-is-a-car-seat/</a></p>
