{"id":172588,"date":"2025-01-21T09:21:09","date_gmt":"2025-01-21T08:21:09","guid":{"rendered":"https:\/\/axkid.com\/pl-2-0\/faq\/skad-bede-wiedziec-czy-fotelik-samochodowy-axkid-zmiesci-sie-w-moim-samochodzie\/"},"modified":"2025-01-21T09:21:09","modified_gmt":"2025-01-21T08:21:09","slug":"skad-bede-wiedziec-czy-fotelik-samochodowy-axkid-zmiesci-sie-w-moim-samochodzie","status":"publish","type":"faq","link":"https:\/\/axkid.com\/pl\/czesto-zadawane-pytania\/skad-bede-wiedziec-czy-fotelik-samochodowy-axkid-zmiesci-sie-w-moim-samochodzie\/","title":{"rendered":"Sk\u0105d b\u0119d\u0119 wiedzie\u0107, czy fotelik samochodowy Axkid zmie\u015bci si\u0119 w moim samochodzie?"},"content":{"rendered":"\n<p>Chcemy, aby\u015b czu\u0142 si\u0119 bezpiecznie kupuj\u0105c foteliki samochodowe Axkid, dlatego stale aktualizujemy nasz\u0105 list\u0119 pojazd\u00f3w, na kt\u00f3rej mo\u017cesz znale\u017a\u0107 model swojego samochodu i zobaczy\u0107, gdzie mo\u017cesz zamontowa\u0107 foteliki samochodowe Axkid. Je\u015bli nie mo\u017cesz znale\u017a\u0107 modelu swojego samochodu, skontaktuj si\u0119 z nami, a my go dodamy.<br>Wa\u017cne: Nigdy nie umieszczaj fotelika samochodowego przed aktywn\u0105 poduszk\u0105 powietrzn\u0105.<\/p>\n\n\n\n<p><a href=\"https:\/\/axkid.com\/pl\/vehicle-list\/\"><strong>Zobacz nasz\u0105 list\u0119 pojazd\u00f3w kompatybilnych \u00bb<\/strong><\/a><\/p>\n\n\n\n\n","protected":false},"template":"","meta":{"_acf_changed":false,"_seopress_robots_primary_cat":"","_seopress_titles_title":"","_seopress_titles_desc":"","_seopress_robots_index":"","content-type":"","_relevanssi_hide_post":"","_relevanssi_hide_content":"","_relevanssi_pin_for_all":"","_relevanssi_pin_keywords":"","_relevanssi_unpin_keywords":"","_relevanssi_related_keywords":"","_relevanssi_related_include_ids":"","_relevanssi_related_exclude_ids":"","_relevanssi_related_no_append":"","_relevanssi_related_not_related":"","_relevanssi_related_posts":"","_relevanssi_noindex_reason":"","editor_notices":[]},"class_list":["post-172588","faq","type-faq","status-publish","hentry","faq_category-jak-wybrac-fotelik-axkid"],"acf":[],"jetpack_sharing_enabled":true,"_links":{"self":[{"href":"https:\/\/axkid.com\/pl\/wp-json\/wp\/v2\/faq\/172588","targetHints":{"allow":["GET"]}}],"collection":[{"href":"https:\/\/axkid.com\/pl\/wp-json\/wp\/v2\/faq"}],"about":[{"href":"https:\/\/axkid.com\/pl\/wp-json\/wp\/v2\/types\/faq"}],"wp:attachment":[{"href":"https:\/\/axkid.com\/pl\/wp-json\/wp\/v2\/media?parent=172588"}],"curies":[{"name":"wp","href":"https:\/\/api.w.org\/{rel}","templated":true}]}}

Skąd będę wiedzieć, czy fotelik samochodowy Axkid zmieści się w moim samochodzie?

<p>Chcemy, abyś czuł się bezpiecznie kupując foteliki samochodowe Axkid, dlatego stale aktualizujemy naszą listę pojazdów, na której możesz znaleźć model swojego samochodu i zobaczyć, gdzie możesz zamontować foteliki samochodowe Axkid. Jeśli nie możesz znaleźć modelu swojego samochodu, skontaktuj się z nami, a my go dodamy.<br>Ważne: Nigdy nie umieszczaj fotelika samochodowego przed aktywną poduszką powietrzną.</p>



<p><a href="https://axkid.com/pl/vehicle-list/"><strong>Zobacz naszą listę pojazdów kompatybilnych »</strong></a></p>
