{"id":172601,"date":"2025-01-21T09:21:12","date_gmt":"2025-01-21T08:21:12","guid":{"rendered":"https:\/\/axkid.com\/pl-2-0\/faq\/kiedy-fotelik-samochodowy-staje-sie-za-maly\/"},"modified":"2026-06-08T14:01:02","modified_gmt":"2026-06-08T13:01:02","slug":"kiedy-fotelik-samochodowy-staje-sie-za-maly","status":"publish","type":"faq","link":"https:\/\/axkid.com\/pl\/czesto-zadawane-pytania\/kiedy-fotelik-samochodowy-staje-sie-za-maly\/","title":{"rendered":"Kiedy fotelik samochodowy staje si\u0119 za ma\u0142y?"},"content":{"rendered":"\n<p>Fotelik samochodowy skierowany ty\u0142em do kierunku jazdy z mocowaniem pasem mo\u017ce by\u0107 u\u017cywany do momentu, a\u017c dziecko osi\u0105gnie wag\u0119 oko\u0142o 25 kilogram\u00f3w. Fotelik jest za ma\u0142y, gdy g\u0142owa dziecka wystaje o jedn\u0105 trzeci\u0105 ponad kraw\u0119d\u017a, mniej wi\u0119cej na wysoko\u015bci oczu dziecka lub gdy przekroczony zosta\u0142 zalecany limit wagowy fotelika samochodowego.<br>Gdy dziecko wyro\u015bnie z fotelika samochodowego, nale\u017cy wymieni\u0107 go na ostatni fotelik. Zar\u00f3wno lekarze, jak i naukowcy zalecaj\u0105, aby dzieci korzysta\u0142y z fotelika podwy\u017cszaj\u0105cego lub poduszki podwy\u017cszaj\u0105cej do oko\u0142o 10\u201312 roku \u017cycia i do osi\u0105gni\u0119cia 150cm.<\/p>\n\n\n\n<p><\/p>\n\n\n\n<p><\/p>\n","protected":false},"template":"","meta":{"_acf_changed":false,"_seopress_robots_primary_cat":"","_seopress_titles_title":"","_seopress_titles_desc":"","_seopress_robots_index":"","_seopress_analysis_target_kw":"","content-type":"","_relevanssi_hide_post":"","_relevanssi_hide_content":"","_relevanssi_pin_for_all":"","_relevanssi_pin_keywords":"","_relevanssi_unpin_keywords":"","_relevanssi_related_keywords":"","_relevanssi_related_include_ids":"","_relevanssi_related_exclude_ids":"","_relevanssi_related_no_append":"","_relevanssi_related_not_related":"","_relevanssi_related_posts":"21688","_relevanssi_noindex_reason":"","editor_notices":[]},"class_list":["post-172601","faq","type-faq","status-publish","hentry","faq_category-uzytkowanie-fotelika-axkid"],"acf":[],"jetpack_sharing_enabled":true,"_links":{"self":[{"href":"https:\/\/axkid.com\/pl\/wp-json\/wp\/v2\/faq\/172601","targetHints":{"allow":["GET"]}}],"collection":[{"href":"https:\/\/axkid.com\/pl\/wp-json\/wp\/v2\/faq"}],"about":[{"href":"https:\/\/axkid.com\/pl\/wp-json\/wp\/v2\/types\/faq"}],"wp:attachment":[{"href":"https:\/\/axkid.com\/pl\/wp-json\/wp\/v2\/media?parent=172601"}],"curies":[{"name":"wp","href":"https:\/\/api.w.org\/{rel}","templated":true}]}}

Kiedy fotelik samochodowy staje się za mały?

<p>Fotelik samochodowy skierowany tyłem do kierunku jazdy z mocowaniem pasem może być używany do momentu, aż dziecko osiągnie wagę około 25 kilogramów. Fotelik jest za mały, gdy głowa dziecka wystaje o jedną trzecią ponad krawędź, mniej więcej na wysokości oczu dziecka lub gdy przekroczony został zalecany limit wagowy fotelika samochodowego.<br>Gdy dziecko wyrośnie z fotelika samochodowego, należy wymienić go na ostatni fotelik. Zarówno lekarze, jak i naukowcy zalecają, aby dzieci korzystały z fotelika podwyższającego lub poduszki podwyższającej do około 10–12 roku życia i do osiągnięcia 150cm.</p>



<p></p>



<p></p>
