{"id":172602,"date":"2025-01-21T09:21:12","date_gmt":"2025-01-21T08:21:12","guid":{"rendered":"https:\/\/axkid.com\/pl-2-0\/faq\/czy-moge-kupic-wiecej-pasow-mocujacych-do-mojego-fotelika-samochodowego\/"},"modified":"2026-06-08T14:14:32","modified_gmt":"2026-06-08T13:14:32","slug":"czy-moge-kupic-wiecej-pasow-mocujacych-do-mojego-fotelika-samochodowego","status":"publish","type":"faq","link":"https:\/\/axkid.com\/pl\/czesto-zadawane-pytania\/czy-moge-kupic-wiecej-pasow-mocujacych-do-mojego-fotelika-samochodowego\/","title":{"rendered":"Czy mog\u0119 kupi\u0107 wi\u0119cej pas\u00f3w mocuj\u0105cych do mojego fotelika samochodowego?"},"content":{"rendered":"\n<p>Tak, pasy mocuj\u0105ce mo\u017cna kupi\u0107 w sklepie <a href=\"https:\/\/axkid.com\/pl\/product-category\/accessories\/\"><span style=\"text-decoration: underline\"><strong>www.axkid.com <\/strong><\/span>\u00bb<\/a> lub za po\u015brednictwem <strong><a href=\"https:\/\/axkid.com\/pl\/find-a-retailer-near-you\/\">sprzedawcy detalicznego \u00bb<\/a><\/strong><\/p>\n\n\n\n<p><\/p>\n","protected":false},"template":"","meta":{"_acf_changed":false,"_seopress_robots_primary_cat":"","_seopress_titles_title":"","_seopress_titles_desc":"","_seopress_robots_index":"","_seopress_analysis_target_kw":"","content-type":"","_relevanssi_hide_post":"","_relevanssi_hide_content":"","_relevanssi_pin_for_all":"","_relevanssi_pin_keywords":"","_relevanssi_unpin_keywords":"","_relevanssi_related_keywords":"","_relevanssi_related_include_ids":"","_relevanssi_related_exclude_ids":"","_relevanssi_related_no_append":"","_relevanssi_related_not_related":"","_relevanssi_related_posts":"21688","_relevanssi_noindex_reason":"","editor_notices":[]},"class_list":["post-172602","faq","type-faq","status-publish","hentry","faq_category-uzytkowanie-fotelika-axkid"],"acf":[],"jetpack_sharing_enabled":true,"_links":{"self":[{"href":"https:\/\/axkid.com\/pl\/wp-json\/wp\/v2\/faq\/172602","targetHints":{"allow":["GET"]}}],"collection":[{"href":"https:\/\/axkid.com\/pl\/wp-json\/wp\/v2\/faq"}],"about":[{"href":"https:\/\/axkid.com\/pl\/wp-json\/wp\/v2\/types\/faq"}],"wp:attachment":[{"href":"https:\/\/axkid.com\/pl\/wp-json\/wp\/v2\/media?parent=172602"}],"curies":[{"name":"wp","href":"https:\/\/api.w.org\/{rel}","templated":true}]}}

Czy mogę kupić więcej pasów mocujących do mojego fotelika samochodowego?

<p>Tak, pasy mocujące można kupić w sklepie <a href="https://axkid.com/pl/product-category/accessories/"><span style="text-decoration: underline"><strong>www.axkid.com </strong></span>»</a> lub za pośrednictwem <strong><a href="https://axkid.com/pl/find-a-retailer-near-you/">sprzedawcy detalicznego »</a></strong></p>



<p></p>
