{"id":172606,"date":"2025-01-21T09:21:12","date_gmt":"2025-01-21T08:21:12","guid":{"rendered":"https:\/\/axkid.com\/pl-2-0\/faq\/czy-moge-uzyc-starej-bazy-axkid-babyfix-do-nowego-fotelika-samochodowego-axkid-babyfix-i-odwrotnie\/"},"modified":"2025-01-21T09:21:12","modified_gmt":"2025-01-21T08:21:12","slug":"czy-moge-uzyc-starej-bazy-axkid-babyfix-do-nowego-fotelika-samochodowego-axkid-babyfix-i-odwrotnie","status":"publish","type":"faq","link":"https:\/\/axkid.com\/pl\/czesto-zadawane-pytania\/czy-moge-uzyc-starej-bazy-axkid-babyfix-do-nowego-fotelika-samochodowego-axkid-babyfix-i-odwrotnie\/","title":{"rendered":"Czy mog\u0119 u\u017cy\u0107 starej bazy Axkid Babyfix do nowego fotelika samochodowego Axkid Babyfix i odwrotnie?"},"content":{"rendered":"\n<p>Tak, s\u0105 one kompatybilne, chyba \u017ce kt\u00f3rykolwiek z produkt\u00f3w jest starszy ni\u017c 8 lat. W takim przypadku zalecamy recykling fotelika i\/lub bazy.<\/p>\n\n\n\n\n","protected":false},"template":"","meta":{"_acf_changed":false,"_seopress_robots_primary_cat":"","_seopress_titles_title":"","_seopress_titles_desc":"","_seopress_robots_index":"","_seopress_analysis_target_kw":"","content-type":"","_relevanssi_hide_post":"","_relevanssi_hide_content":"","_relevanssi_pin_for_all":"","_relevanssi_pin_keywords":"","_relevanssi_unpin_keywords":"","_relevanssi_related_keywords":"","_relevanssi_related_include_ids":"","_relevanssi_related_exclude_ids":"","_relevanssi_related_no_append":"","_relevanssi_related_not_related":"","_relevanssi_related_posts":"21688","_relevanssi_noindex_reason":"","editor_notices":[]},"class_list":["post-172606","faq","type-faq","status-publish","hentry","faq_category-montaz"],"acf":[],"jetpack_sharing_enabled":true,"_links":{"self":[{"href":"https:\/\/axkid.com\/pl\/wp-json\/wp\/v2\/faq\/172606","targetHints":{"allow":["GET"]}}],"collection":[{"href":"https:\/\/axkid.com\/pl\/wp-json\/wp\/v2\/faq"}],"about":[{"href":"https:\/\/axkid.com\/pl\/wp-json\/wp\/v2\/types\/faq"}],"wp:attachment":[{"href":"https:\/\/axkid.com\/pl\/wp-json\/wp\/v2\/media?parent=172606"}],"curies":[{"name":"wp","href":"https:\/\/api.w.org\/{rel}","templated":true}]}}

Czy mogę użyć starej bazy Axkid Babyfix do nowego fotelika samochodowego Axkid Babyfix i odwrotnie?

<p>Tak, są one kompatybilne, chyba że którykolwiek z produktów jest starszy niż 8 lat. W takim przypadku zalecamy recykling fotelika i/lub bazy.</p>
