{"id":172651,"date":"2025-03-13T16:41:46","date_gmt":"2025-03-13T15:41:46","guid":{"rendered":"https:\/\/axkid.com\/pl-2-0\/?post_type=product&#038;p=172651"},"modified":"2026-04-14T15:01:58","modified_gmt":"2026-04-14T14:01:58","slug":"minikid-4-pro","status":"publish","type":"product","link":"https:\/\/axkid.com\/pl\/product\/minikid-4-pro\/","title":{"rendered":"Minikid 4 Pro"},"content":{"rendered":"","protected":false},"excerpt":{"rendered":"<p>Poznaj dziesi\u0119cioletni\u0105 ewolucj\u0119 oryginalnego fotelika samochodowego skierowanego ty\u0142em do kierunku jazdy. Minikid 4 Pro oferuje przed\u0142u\u017cone u\u017cytkowanie ty\u0142em do kierunku jazdy do 7 lat (61-125 cm\/36 kg). Zaprojektowany, aby wyd\u0142u\u017cy\u0107 czas sp\u0119dzony z Tob\u0105 poprzez dalsze przesuwanie limit\u00f3w wagi i d\u0142ugo\u015bci, ten przebadany fotelik zapewnia bezpiecze\u0144stwo do 36 kg. W\u0105ska konstrukcja, umo\u017cliwiaj\u0105ca przewo\u017cenie trzech os\u00f3b w rz\u0119dzie.<\/p>\n","protected":false},"featured_media":3700000853065,"comment_status":"open","ping_status":"closed","template":"","meta":{"_acf_changed":false,"_seopress_robots_primary_cat":"none","_seopress_titles_title":"","_seopress_titles_desc":"Poznaj dziesi\u0119cioletni\u0105 ewolucj\u0119 oryginalnego fotelika samochodowego skierowanego ty\u0142em do kierunku jazdy.","_seopress_robots_index":"","content-type":"","_relevanssi_hide_post":"","_relevanssi_hide_content":"","_relevanssi_pin_for_all":"","_relevanssi_pin_keywords":"","_relevanssi_unpin_keywords":"","_relevanssi_related_keywords":"","_relevanssi_related_include_ids":"","_relevanssi_related_exclude_ids":"","_relevanssi_related_no_append":"","_relevanssi_related_not_related":"","_relevanssi_related_posts":"","_relevanssi_noindex_reason":"","editor_notices":[]},"product_brand":[],"product_cat":[80,18],"product_tag":[],"class_list":{"0":"post-172651","1":"product","2":"type-product","3":"status-publish","4":"has-post-thumbnail","6":"product_cat-foteliki-samochodowe-tylem-do-kierunku-jazdy","7":"product_cat-wszystkie-foteliki-samochodowe","9":"first","10":"instock","11":"taxable","12":"shipping-taxable","13":"purchasable","14":"product-type-variable","15":"has-default-attributes"},"bundled_by":[],"bundle_stock_status":"instock","bundle_stock_quantity":null,"bundle_virtual":false,"bundle_layout":"","bundle_add_to_cart_form_location":"","bundle_editable_in_cart":false,"bundle_sold_individually_context":"","bundle_item_grouping":"","bundle_min_size":"","bundle_max_size":"","bundle_price":[],"bundled_items":[],"bundle_sell_ids":[],"acf":[],"jetpack_sharing_enabled":true,"_links":{"self":[{"href":"https:\/\/axkid.com\/pl\/wp-json\/wp\/v2\/product\/172651","targetHints":{"allow":["GET"]}}],"collection":[{"href":"https:\/\/axkid.com\/pl\/wp-json\/wp\/v2\/product"}],"about":[{"href":"https:\/\/axkid.com\/pl\/wp-json\/wp\/v2\/types\/product"}],"replies":[{"embeddable":true,"href":"https:\/\/axkid.com\/pl\/wp-json\/wp\/v2\/comments?post=172651"}],"wp:featuredmedia":[{"embeddable":true,"href":"https:\/\/axkid.com\/pl\/wp-json\/"}],"wp:attachment":[{"href":"https:\/\/axkid.com\/pl\/wp-json\/wp\/v2\/media?parent=172651"}],"wp:term":[{"taxonomy":"product_brand","embeddable":true,"href":"https:\/\/axkid.com\/pl\/wp-json\/wp\/v2\/product_brand?post=172651"},{"taxonomy":"product_cat","embeddable":true,"href":"https:\/\/axkid.com\/pl\/wp-json\/wp\/v2\/product_cat?post=172651"},{"taxonomy":"product_tag","embeddable":true,"href":"https:\/\/axkid.com\/pl\/wp-json\/wp\/v2\/product_tag?post=172651"}],"curies":[{"name":"wp","href":"https:\/\/api.w.org\/{rel}","templated":true}]}}

<p>Poznaj dziesięcioletnią ewolucję oryginalnego fotelika samochodowego skierowanego tyłem do kierunku jazdy. Minikid 4 Pro oferuje przedłużone użytkowanie tyłem do kierunku jazdy do 7 lat (61-125 cm/36 kg). Zaprojektowany, aby wydłużyć czas spędzony z Tobą poprzez dalsze przesuwanie limitów wagi i długości, ten przebadany fotelik zapewnia bezpieczeństwo do 36 kg. Wąska konstrukcja, umożliwiająca przewożenie trzech osób w rzędzie.</p>

Poznaj dziesięcioletnią ewolucję oryginalnego fotelika samochodowego skierowanego tyłem do kierunku jazdy.
