{"id":25707,"date":"2025-06-13T08:00:18","date_gmt":"2025-06-13T07:00:18","guid":{"rendered":"https:\/\/axkid.com\/?post_type=product&#038;p=25707"},"modified":"2026-02-03T16:37:39","modified_gmt":"2026-02-03T15:37:39","slug":"one-plus-3","status":"publish","type":"product","link":"https:\/\/axkid.com\/pt\/product\/one-plus-3\/","title":{"rendered":"One+ 3"},"content":{"rendered":"<p>As cadeiras auto viradas para tr\u00e1s s\u00e3o comprovadamente a op\u00e7\u00e3o mais segura para crian\u00e7as pequenas. No entanto, o seu design e as limita\u00e7\u00f5es de espa\u00e7o tornaram-nas menos populares. \u00c9 por isso que lan\u00e7\u00e1mos a Axkid One, uma solu\u00e7\u00e3o inovadora que resolve estes desafios, para a seguran\u00e7a das nossas crian\u00e7as.<\/p>\n","protected":false},"excerpt":{"rendered":"<p>A Axkid ONE+ 3 \u00e9 a \u00fanica cadeira auto ISOFIX com certifica\u00e7\u00e3o Plus Test no mercado que permite viajar virado para tr\u00e1s desde o nascimento at\u00e9 aos 7 anos de idade (40-125 cm). Instala\u00e7\u00e3o f\u00e1cil e segura em 30 segundos. O espa\u00e7o deslizante para as pernas oferece um espa\u00e7o incompar\u00e1vel, permitindo ao mesmo tempo um design compacto da cadeira auto virada para tr\u00e1s.<\/p>\n","protected":false},"featured_media":3700000844640,"comment_status":"open","ping_status":"closed","template":"","meta":{"_acf_changed":false,"_seopress_robots_primary_cat":"80","_seopress_titles_title":"Axkid One+ 3 - rear facing car seat from day one | Axkid","_seopress_titles_desc":"Axkid One+ 3 \u2013 Rear-facing ISOFIX car seat from birth to 7 years (40\u2013125 cm). Plus Test approved, award-winning safety and comfort in a compact design.","_seopress_robots_index":"","content-type":"","_relevanssi_hide_post":"","_relevanssi_hide_content":"","_relevanssi_pin_for_all":"","_relevanssi_pin_keywords":"","_relevanssi_unpin_keywords":"","_relevanssi_related_keywords":"","_relevanssi_related_include_ids":"","_relevanssi_related_exclude_ids":"","_relevanssi_related_no_append":"","_relevanssi_related_not_related":"","_relevanssi_related_posts":"","_relevanssi_noindex_reason":"","editor_notices":[]},"product_brand":[],"product_cat":[576,79,80,431,18],"product_tag":[],"class_list":{"0":"post-25707","1":"product","2":"type-product","3":"status-publish","4":"has-post-thumbnail","6":"product_cat-black-friday","7":"product_cat-cadeiras-auto-para-recem-nascido-e-bebe","8":"product_cat-cadeiras-auto-viradas-para-tras","9":"product_cat-crianca-pequena","10":"product_cat-todas-as-cadeiras-auto","12":"first","13":"instock","14":"taxable","15":"shipping-taxable","16":"purchasable","17":"product-type-variable","18":"has-default-attributes"},"bundled_by":[],"bundle_stock_status":"instock","bundle_stock_quantity":null,"bundle_virtual":false,"bundle_layout":"","bundle_add_to_cart_form_location":"","bundle_editable_in_cart":false,"bundle_sold_individually_context":"","bundle_item_grouping":"","bundle_min_size":"","bundle_max_size":"","bundle_price":[],"bundled_items":[],"bundle_sell_ids":[],"acf":[],"_links":{"self":[{"href":"https:\/\/axkid.com\/pt\/wp-json\/wp\/v2\/product\/25707","targetHints":{"allow":["GET"]}}],"collection":[{"href":"https:\/\/axkid.com\/pt\/wp-json\/wp\/v2\/product"}],"about":[{"href":"https:\/\/axkid.com\/pt\/wp-json\/wp\/v2\/types\/product"}],"replies":[{"embeddable":true,"href":"https:\/\/axkid.com\/pt\/wp-json\/wp\/v2\/comments?post=25707"}],"wp:featuredmedia":[{"embeddable":true,"href":"https:\/\/axkid.com\/pt\/wp-json\/"}],"wp:attachment":[{"href":"https:\/\/axkid.com\/pt\/wp-json\/wp\/v2\/media?parent=25707"}],"wp:term":[{"taxonomy":"product_brand","embeddable":true,"href":"https:\/\/axkid.com\/pt\/wp-json\/wp\/v2\/product_brand?post=25707"},{"taxonomy":"product_cat","embeddable":true,"href":"https:\/\/axkid.com\/pt\/wp-json\/wp\/v2\/product_cat?post=25707"},{"taxonomy":"product_tag","embeddable":true,"href":"https:\/\/axkid.com\/pt\/wp-json\/wp\/v2\/product_tag?post=25707"}],"curies":[{"name":"wp","href":"https:\/\/api.w.org\/{rel}","templated":true}]}}

<p>As cadeiras auto viradas para trás são comprovadamente a opção mais segura para crianças pequenas. No entanto, o seu design e as limitações de espaço tornaram-nas menos populares. É por isso que lançámos a Axkid One, uma solução inovadora que resolve estes desafios, para a segurança das nossas crianças.</p>

<p>A Axkid ONE+ 3 é a única cadeira auto ISOFIX com certificação Plus Test no mercado que permite viajar virado para trás desde o nascimento até aos 7 anos de idade (40-125 cm). Instalação fácil e segura em 30 segundos. O espaço deslizante para as pernas oferece um espaço incomparável, permitindo ao mesmo tempo um design compacto da cadeira auto virada para trás.</p>
