{"id":845125,"date":"2025-06-17T20:20:04","date_gmt":"2025-06-17T19:20:04","guid":{"rendered":"https:\/\/axkid.com\/?post_type=product&#038;p=845125"},"modified":"2026-02-18T13:51:53","modified_gmt":"2026-02-18T12:51:53","slug":"minikid-4-pro","status":"publish","type":"product","link":"https:\/\/axkid.com\/pt\/product\/minikid-4-pro\/","title":{"rendered":"Minikid 4 Pro"},"content":{"rendered":"","protected":false},"excerpt":{"rendered":"<p>Experimente uma evolu\u00e7\u00e3o de quinze anos da cadeira auto original virada para tr\u00e1s. A Minikid 4 Pro oferece uma posi\u00e7\u00e3o virada para tr\u00e1s prolongada at\u00e9 aos 7 anos (61-125 cm\/36 kg). Desenvolvida para ampliar o alcance, aumentando os limites de peso e comprimento, esta cadeira exaustivamente testada garante seguran\u00e7a at\u00e9 aos 36 kg. Design estreito, permitindo colocar tr\u00eas em fila.<\/p>\n","protected":false},"featured_media":3700000847981,"comment_status":"open","ping_status":"closed","template":"","meta":{"_acf_changed":false,"_seopress_robots_primary_cat":"none","_seopress_titles_title":"Minikid 4 Pro \u2013 Cadeira auto virada para tr\u00e1s at\u00e9 aos 7 anos | Axkid","_seopress_titles_desc":"Minikid 4 Pro \u2013 Seguro, compacto e virado para tr\u00e1s at\u00e9 aos 7 anos (36 kg). Al\u00e9m disso, aprovado em testes, f\u00e1cil instala\u00e7\u00e3o e espa\u00e7o m\u00e1ximo para as pernas. Seguran\u00e7a em todas as viagens!","_seopress_robots_index":"","content-type":"","_relevanssi_hide_post":"","_relevanssi_hide_content":"","_relevanssi_pin_for_all":"","_relevanssi_pin_keywords":"","_relevanssi_unpin_keywords":"","_relevanssi_related_keywords":"","_relevanssi_related_include_ids":"","_relevanssi_related_exclude_ids":"","_relevanssi_related_no_append":"","_relevanssi_related_not_related":"","_relevanssi_related_posts":"","_relevanssi_noindex_reason":"","editor_notices":[]},"product_brand":[],"product_cat":[576,431,18],"product_tag":[],"class_list":{"0":"post-845125","1":"product","2":"type-product","3":"status-publish","4":"has-post-thumbnail","6":"product_cat-black-friday","7":"product_cat-crianca-pequena","8":"product_cat-todas-as-cadeiras-auto","10":"first","11":"instock","12":"taxable","13":"shipping-taxable","14":"purchasable","15":"product-type-variable","16":"has-default-attributes"},"bundled_by":[],"bundle_stock_status":"instock","bundle_stock_quantity":null,"bundle_virtual":false,"bundle_layout":"","bundle_add_to_cart_form_location":"","bundle_editable_in_cart":false,"bundle_sold_individually_context":"","bundle_item_grouping":"","bundle_min_size":"","bundle_max_size":"","bundle_price":[],"bundled_items":[],"bundle_sell_ids":[],"acf":[],"_links":{"self":[{"href":"https:\/\/axkid.com\/pt\/wp-json\/wp\/v2\/product\/845125","targetHints":{"allow":["GET"]}}],"collection":[{"href":"https:\/\/axkid.com\/pt\/wp-json\/wp\/v2\/product"}],"about":[{"href":"https:\/\/axkid.com\/pt\/wp-json\/wp\/v2\/types\/product"}],"replies":[{"embeddable":true,"href":"https:\/\/axkid.com\/pt\/wp-json\/wp\/v2\/comments?post=845125"}],"wp:featuredmedia":[{"embeddable":true,"href":"https:\/\/axkid.com\/pt\/wp-json\/"}],"wp:attachment":[{"href":"https:\/\/axkid.com\/pt\/wp-json\/wp\/v2\/media?parent=845125"}],"wp:term":[{"taxonomy":"product_brand","embeddable":true,"href":"https:\/\/axkid.com\/pt\/wp-json\/wp\/v2\/product_brand?post=845125"},{"taxonomy":"product_cat","embeddable":true,"href":"https:\/\/axkid.com\/pt\/wp-json\/wp\/v2\/product_cat?post=845125"},{"taxonomy":"product_tag","embeddable":true,"href":"https:\/\/axkid.com\/pt\/wp-json\/wp\/v2\/product_tag?post=845125"}],"curies":[{"name":"wp","href":"https:\/\/api.w.org\/{rel}","templated":true}]}}

<p>Experimente uma evolução de quinze anos da cadeira auto original virada para trás. A Minikid 4 Pro oferece uma posição virada para trás prolongada até aos 7 anos (61-125 cm/36 kg). Desenvolvida para ampliar o alcance, aumentando os limites de peso e comprimento, esta cadeira exaustivamente testada garante segurança até aos 36 kg. Design estreito, permitindo colocar três em fila.</p>

Minikid 4 Pro – Cadeira auto virada para trás até aos 7 anos | Axkid

Minikid 4 Pro – Seguro, compacto e virado para trás até aos 7 anos (36 kg). Além disso, aprovado em testes, fácil instalação e espaço máximo para as pernas. Segurança em todas as viagens!
