{"id":1298397,"date":"2025-01-21T10:08:21","date_gmt":"2025-01-21T09:08:21","guid":{"rendered":"https:\/\/axkid.com\/sv\/faq\/kommer-ece-r44-04-godkanda-bilbarnstolar-sluta-att-tillverkas-pa-grund-av-i-size-reglementet\/"},"modified":"2025-11-14T11:48:19","modified_gmt":"2025-11-14T10:48:19","slug":"kommer-ece-r44-04-godkanda-bilbarnstolar-sluta-att-tillverkas-pa-grund-av-i-size-reglementet","status":"publish","type":"faq","link":"https:\/\/axkid.com\/sv\/vanliga-fragor\/kommer-ece-r44-04-godkanda-bilbarnstolar-sluta-att-tillverkas-pa-grund-av-i-size-reglementet\/","title":{"rendered":"Kommer ECE R44\/04 godk\u00e4nda bilbarnstolar sluta att tillverkas p\u00e5 grund av I-size reglementet?"},"content":{"rendered":"\n<p>L\u00e5ngsiktigt kommer de att upph\u00f6ra och ers\u00e4ttas men f\u00f6r n\u00e4rvarande kommer vi inte att sluta tillverka bilbarnstolar som \u00e4r godk\u00e4nda enligt ECE R44\/04.<\/p>\n\n\n\n\n","protected":false},"template":"","meta":{"_acf_changed":false,"_seopress_robots_primary_cat":"","_seopress_titles_title":"Slutar R44\/04-stolar tillverkas? | Axkid Sweden","_seopress_titles_desc":"\u00c4r din bilbarnstol snart utdaterad? L\u00e4s vad I-size inneb\u00e4r f\u00f6r R44\/04-godk\u00e4nda modeller.","_seopress_robots_index":"","content-type":"","_relevanssi_hide_post":"","_relevanssi_hide_content":"","_relevanssi_pin_for_all":"","_relevanssi_pin_keywords":"","_relevanssi_unpin_keywords":"","_relevanssi_related_keywords":"","_relevanssi_related_include_ids":"","_relevanssi_related_exclude_ids":"","_relevanssi_related_no_append":"","_relevanssi_related_not_related":"","_relevanssi_related_posts":"21634,21680,21659,21672,21628,21610","_relevanssi_noindex_reason":"","editor_notices":[]},"class_list":["post-1298397","faq","type-faq","status-publish","hentry","faq_category-regler-och-sakerhet"],"acf":[],"jetpack_sharing_enabled":true,"_links":{"self":[{"href":"https:\/\/axkid.com\/sv\/wp-json\/wp\/v2\/faq\/1298397","targetHints":{"allow":["GET"]}}],"collection":[{"href":"https:\/\/axkid.com\/sv\/wp-json\/wp\/v2\/faq"}],"about":[{"href":"https:\/\/axkid.com\/sv\/wp-json\/wp\/v2\/types\/faq"}],"wp:attachment":[{"href":"https:\/\/axkid.com\/sv\/wp-json\/wp\/v2\/media?parent=1298397"}],"curies":[{"name":"wp","href":"https:\/\/api.w.org\/{rel}","templated":true}]}}

Kommer ECE R44/04 godkända bilbarnstolar sluta att tillverkas på grund av I-size reglementet?

<p>Långsiktigt kommer de att upphöra och ersättas men för närvarande kommer vi inte att sluta tillverka bilbarnstolar som är godkända enligt ECE R44/04.</p>

Är din bilbarnstol snart utdaterad? Läs vad I-size innebär för R44/04-godkända modeller.
